0
What is -a2c (base 14) in base 8?
-3720
Convert a94663 (base 11) to base 14.
337258
What is 3131277 (base 10) in base 7?
35421042
What is -1011123100 (base 4) in base 5?
-33044433
What is 11121021020022 (base 3) in base 10?
2445965
-5b6859b (base 12) to base 2
-1000011111011001101000111
Convert -26392 (base 13) to base 9.
-117261
Convert 580a88 (base 11) to base 8.
3414051
-5605861 (base 10) to base 3
-101112210210111
Convert -19c33f (base 16) to base 15.
-2353dd
Convert -10001101101100001000111 (base 2) to base 5.
-2142033022
Convert -3501590 (base 11) to base 5.
-3031400343
10582 (base 15) to base 5
3124442
What is -1400212331 (base 5) in base 8?
-15340431
Convert -2cd649 (base 15) to base 6.
-114313240
What is 32030211 (base 5) in base 15?
54421
10011001010010010100001 (base 2) to base 3
100110012002122
What is 9b9 (base 16) in base 12?
1535
What is -1410000220 (base 5) in base 8?
-15553122
Convert 21785 (base 9) to base 16.
389f
Convert b93976 (base 14) to base 16.
5fb3a4
-403414 (base 5) to base 14
-4a36
What is 3114443120 (base 5) in base 2?
11000011011111110010011
Convert 7181055 (base 9) to base 3.
21012201001212
What is 101203102 (base 5) in base 12?
17ab46
-120023123 (base 4) to base 15
-1e525
Convert -5e67f2 (base 16) to base 3.
-102122022221221
1001100100000000 (base 2) to base 4
21210000
Convert 476058 (base 9) to base 7.
2302265
Convert 3003331 (base 4) to base 15.
3ab1
Convert -110556141 (base 7) to base 12.
-22a5620
145213540 (base 6) to base 16
2e8b64
What is 18a62a9 (base 14) in base 15?
1119a2d
What is 120303301 (base 5) in base 4?
2013322131
What is 3145502 (base 7) in base 11?
240545
d8327 (base 15) to base 9
1254711
What is -142161 (base 7) in base 6?
-325513
What is 1515504 (base 7) in base 16?
324e1
-522404 (base 6) to base 12
-20404
Convert 4100256 (base 7) to base 14.
c9966
Convert 8750cb (base 14) to base 4.
101133132323
-798009 (base 13) to base 7
-33266043
What is 13752105 (base 9) in base 5?
3221344414
What is -5550461 (base 7) in base 4?
-2213013230
What is -63858 (base 14) in base 7?
-2020541
What is -334024224 (base 5) in base 6?
-51304100
Convert 8364 (base 15) to base 14.
a197
Convert -121531032 (base 6) to base 15.
-3101b8
2464141 (base 7) to base 16
4dbae
15762 (base 12) to base 5
1433313
Convert 532203340 (base 6) to base 9.
18526356
What is 3baa4a2 (base 12) in base 7?
203215322
What is 2a815 (base 11) in base 3?
2012202221
What is 23cc3b (base 13) in base 11?
535729
Convert 65165243 (base 8) to base 16.
d4eaa3
Convert -734ab3 (base 13) to base 11.
-1581076
What is 32814305 (base 9) in base 15?
15de48b
Convert -37473 (base 10) to base 3.
-1220101220
Convert 19868 (base 11) to base 14.
a11c
Convert -2114376 (base 12) to base 13.
-13aa420
1794279 (base 10) to base 9
3334253
What is -100001000101 (base 2) in base 13?
-c6b
Convert 20201021012002 (base 3) to base 14.
68c355
101112221202 (base 3) to base 2
110010101101110011
Convert -1cc830 (base 13) to base 16.
-b5194
What is -1033413 (base 7) in base 4?
-132302013
What is -213331302 (base 5) in base 13?
-261926
What is 211a813 (base 11) in base 7?
43505456
What is -20000002212 (base 3) in base 16?
-1cd9f
Convert -48684 (base 12) to base 3.
-11222001201
-44769 (base 14) to base 6
-3321001
What is -561150 (base 11) in base 5?
-212111413
-2032413030 (base 5) to base 13
-b37081
-50303 (base 7) to base 6
-132135
144020535 (base 6) to base 13
808511
Convert 110000011000111001 (base 2) to base 10.
198201
Convert -400030 (base 5) to base 3.
-122011112
Convert -7e461 (base 15) to base 6.
-12343544
Convert -1000000010000010111000 (base 2) to base 16.
-2020b8
-45451102 (base 6) to base 13
-3990c5
-12212122200011 (base 3) to base 9
-5778604
Convert -1d64b0 (base 14) to base 10.
-1054634
Convert -1110110001101110101 (base 2) to base 15.
-9870d
What is -23489 (base 15) in base 8?
-333424
Convert -2222141 (base 6) to base 16.
-1b54d
a5068c (base 16) to base 12
37568b8
Convert -90591 (base 10) to base 13.
-32307
Convert 12717400 (base 8) to base 11.
1682906
-1fa84 (base 16) to base 14
-35380
-2212031 (base 5) to base 12
-1a273
-14c5c5 (base 15) to base 8
-3650245
Convert -3133044 (base 8) to base 14.
-179844
What is -8869888 (base 11) in base 7?
-246162431
Convert -92070 (base 16) to base 12.
-24a180
Convert 989391 (base 10) to base 8.
3614317
Convert -8046a (base 11) to base 5.
-12231223
Convert 55c36 (base 15) to base 9.
455126
Convert -4200045 (base 6) to base 15.
-3eda5
What is -64852 (base 13) in base 9?
-306057
What is 10021112002202 (base 3) in base 6?
101202332
Convert 127763 (base 10) to base 4.
133030103
-3366352 (base 8) to base 16
-decea
-5509225 (base 10) to base 8
-25010151
1948b37 (base 12) to base 14
9c8283
13795 (base 10) to base 5
420140
-2223231 (base 4) to base 15
-33c9
Convert -8c705c (base 13) to base 14.
-629044
-3a8c5 (base 15) to base 10
-187610
Convert -14ac6c (base 13) to base 15.
-a1000
Convert 134b4b (base 13) to base 12.
1a679a
-1197a (base 11) to base 4
-10023330
-7d665 (base 16) to base 8
-1753145
What is 5860a1 (base 16) in base 7?
100142010
Convert 31441301 (base 7) to base 5.
1140244401
Convert ad710c (base 15) to base 11.
4742758
-12101101021221 (base 3) to base 16
-2ba9e3
-122003200 (base 4) to base 14
-2ac6c
Convert -3acd9 (base 14) to base 7.
-1143262
Convert -10001011011010100000 (base 2) to base 3.
-1002000022122
What is 501504 (base 7) in base 2?
10100101010010011
Convert -324927 (base 12) to base 4.
-3002120233
Convert 33212013 (base 4) to base 5.
4021004
Convert -100001001000110000100 (base 2) to base 9.
-2034425
Convert 284a32 (base 11) to base 13.
127bb3
What is 2233111322 (base 4) in base 10?
718202
-20162a (base 12) to base 8
-1721102
-12032433 (base 5) to base 13
-3ba60
1c97a (base 14) to base 2
10001111000000000
Convert -256275 (base 9) to base 12.
-75bab
-462415 (base 10) to base 7
-3634102
What is 175439 (base 13) in base 15?
b7abe
What is -436050 (base 9) in base 12?
-106776
Convert -3106936 (base 10) to base 4.
-23312201320
What is -730523 (base 8) in base 10?
-242003
Convert 30003220300 (base 4) to base 8.
14035060
What is -314223121 (base 5) in base 4?
-11002113123
What is -5246770 (base 8) in base 12?
-573bb4
What is 124333143 (base 5) in base 12?
25b4a0
What is 8e51 (base 16) in base 11?
25411
What is -6be43 (base 16) in base 14?
-b709d
-2031101003 (base 4) to base 10
-578627
Convert 945908 (base 14) to base 6.
255212244
What is -22677635 (base 8) in base 9?
-10271172
What is 12100020201 (base 3) in base 12?
50a31
What is 10681888 (base 9) in base 6?
303133212
What is -21212434 (base 6) in base 15?
-c4d34
Convert 14441411 (base 6) to base 2.
1111010110110101111
Convert 710720 (base 8) to base 3.
102212220022
-263354 (base 7) to base 5
-3033420
Convert 1111100100110111110 (base 2) to base 4.
1330212332
Convert 10431656 (base 7) to base 13.
256061
11001110010111100 (base 2) to base 15
21490
Convert -2243221 (base 7) to base 14.
-73cb8
What is -4742b4 (base 12) in base 14?
-21c42c
371104 (base 11) to base 13
1772c3
What is -1a2c58 (base 15) in base 11?
-7a1055
Convert -130213312030 (base 4) to base 16.
-727d8c
648014 (base 9) to base 4
1132111033
Convert -48bb3 (base 13) to base 11.
-915aa
Convert -1111011312 (base 4) to base 15.
-6d409
What is -1212112102 (base 3) in base 5?
-2134324
Convert -1046 (base 8) to base 10.
-550
-96286 (base 11) to base 16
-2233b
-634155 (base 11) to base 3
-1220121022210
-12af6e (base 16) to base 13
-33b4ba
Convert 714650 (base 8) to base 14.
61db2
-569d (base 15) to base 3
-221012111
Convert 596788 (base 16) to base 12.
1b668b4
Convert -110000330310 (base 4) to base 8.
-24007464
What is 23432320 (base 5) in base 11?
139732
What is 95c3a (base 16) in base 12?
256bb6
What is -1ec519 (base 16) in base 2?
-111101100010100011001
40410321 (base 5) to base 15
66791
202100010200 (base 3) to base 12
173800
Convert 311221311 (base 4) to base 2.
110101101001110101
What is 532622 (base 7) in base 14?
25882
What is 1501848 (base 13) in base 3?
110120201200100
-25a975 (base 12) to base 6
-21142225
Convert 51442 (base 9) to base 10.
33896
Convert -1d9bc (base 15) to base 8.
-274676
What is -4210b (base 12) in base 11?
-5a037
Convert -314476 (base 10) to base 4.
-1030301230
Convert -20202021000002 (